{"id":2689,"date":"2024-07-01T12:23:28","date_gmt":"2024-07-01T10:23:28","guid":{"rendered":"https:\/\/vratna.sk\/hike\/hill-osnica-zo-stefanova\/"},"modified":"2026-04-29T17:30:55","modified_gmt":"2026-04-29T15:30:55","slug":"hill-osnica-zo-stefanova","status":"publish","type":"hike","link":"https:\/\/vratna.sk\/en\/hike\/hill-osnica-zo-stefanova\/","title":{"rendered":"Mount Osnica from Stefanova"},"content":{"rendered":"\n<p>Osnica is one of the less visited hills of Mal\u00e1 Fatra, because together with Rozsutec and Stoh it forms a kind of imaginary triangle and thus has a lot of competition. It rises at an altitude of 1,363 m., the top is meadow and grassy, but just near the top you may be surprised by a rock outcropping that you do not expect on the way to it at all. Osnica is accessible all year round by marked hiking trails from \u0160tefanov\u0148a, P\u00e1rnica or Z\u00e1zriv\u00e1 and the climb is not very difficult. If you are looking for a quiet place with a perfect view of Ve\u013ek\u00fd Rozsutec, Osnica is a choice you will not regret. The views from the top are really worth it. In case of good weather you can see the Low and Western Tatras, Babia Mountain or Ve\u013ek\u00fd Cho\u010d.<\/p>\n","protected":false},"author":2,"featured_media":7625,"template":"","format":"standard","meta":{"_acf_changed":false,"inline_featured_image":false,"footnotes":""},"hike_category":[49,51],"class_list":["post-2689","hike","type-hike","status-publish","format-standard","has-post-thumbnail","hentry","hike_category-tourism","hike_category-trailrunning-en"],"acf":[],"yoast_head":"<!-- This site is optimized with the Yoast SEO plugin v27.5 - https:\/\/yoast.com\/product\/yoast-seo-wordpress\/ -->\n<title>Mount Osnica from Stefanova - Vratna<\/title>\n<meta name=\"robots\" content=\"index, follow, max-snippet:-1, max-image-preview:large, max-video-preview:-1\" \/>\n<link rel=\"canonical\" href=\"https:\/\/vratna.sk\/en\/hike\/hill-osnica-zo-stefanova\/\" \/>\n<meta property=\"og:locale\" content=\"en_US\" \/>\n<meta property=\"og:type\" content=\"article\" \/>\n<meta property=\"og:title\" content=\"Mount Osnica from Stefanova - Vratna\" \/>\n<meta property=\"og:description\" content=\"Osnica is one of the less visited hills of Mal\u00e1 Fatra, because together with Rozsutec and Stoh it forms a [...]\" \/>\n<meta property=\"og:url\" content=\"https:\/\/vratna.sk\/en\/hike\/hill-osnica-zo-stefanova\/\" \/>\n<meta property=\"og:site_name\" content=\"Vratna\" \/>\n<meta property=\"article:publisher\" content=\"https:\/\/www.facebook.com\/vratnamalafatra\/\" \/>\n<meta property=\"article:modified_time\" content=\"2026-04-29T15:30:55+00:00\" \/>\n<meta property=\"og:image\" content=\"https:\/\/i0.wp.com\/vratna.sk\/wp-content\/uploads\/2024\/07\/1E274BF0-275D-457A-B3CB-28006DF32949-2.jpg?fit=3276%2C4096&ssl=1\" \/>\n\t<meta property=\"og:image:width\" content=\"3276\" \/>\n\t<meta property=\"og:image:height\" content=\"4096\" \/>\n\t<meta property=\"og:image:type\" content=\"image\/jpeg\" \/>\n<meta name=\"twitter:card\" content=\"summary_large_image\" \/>\n<meta name=\"twitter:label1\" content=\"Est. reading time\" \/>\n\t<meta name=\"twitter:data1\" content=\"1 minute\" \/>\n<script type=\"application\/ld+json\" class=\"yoast-schema-graph\">{\"@context\":\"https:\\\/\\\/schema.org\",\"@graph\":[{\"@type\":\"WebPage\",\"@id\":\"https:\\\/\\\/vratna.sk\\\/en\\\/hike\\\/hill-osnica-zo-stefanova\\\/\",\"url\":\"https:\\\/\\\/vratna.sk\\\/en\\\/hike\\\/hill-osnica-zo-stefanova\\\/\",\"name\":\"Mount Osnica from Stefanova - Vratna\",\"isPartOf\":{\"@id\":\"https:\\\/\\\/vratna.sk\\\/en\\\/#website\"},\"primaryImageOfPage\":{\"@id\":\"https:\\\/\\\/vratna.sk\\\/en\\\/hike\\\/hill-osnica-zo-stefanova\\\/#primaryimage\"},\"image\":{\"@id\":\"https:\\\/\\\/vratna.sk\\\/en\\\/hike\\\/hill-osnica-zo-stefanova\\\/#primaryimage\"},\"thumbnailUrl\":\"https:\\\/\\\/i0.wp.com\\\/vratna.sk\\\/wp-content\\\/uploads\\\/2024\\\/07\\\/1E274BF0-275D-457A-B3CB-28006DF32949-2.jpg?fit=3276%2C4096&ssl=1\",\"datePublished\":\"2024-07-01T10:23:28+00:00\",\"dateModified\":\"2026-04-29T15:30:55+00:00\",\"breadcrumb\":{\"@id\":\"https:\\\/\\\/vratna.sk\\\/en\\\/hike\\\/hill-osnica-zo-stefanova\\\/#breadcrumb\"},\"inLanguage\":\"en-US\",\"potentialAction\":[{\"@type\":\"ReadAction\",\"target\":[\"https:\\\/\\\/vratna.sk\\\/en\\\/hike\\\/hill-osnica-zo-stefanova\\\/\"]}]},{\"@type\":\"ImageObject\",\"inLanguage\":\"en-US\",\"@id\":\"https:\\\/\\\/vratna.sk\\\/en\\\/hike\\\/hill-osnica-zo-stefanova\\\/#primaryimage\",\"url\":\"https:\\\/\\\/i0.wp.com\\\/vratna.sk\\\/wp-content\\\/uploads\\\/2024\\\/07\\\/1E274BF0-275D-457A-B3CB-28006DF32949-2.jpg?fit=3276%2C4096&ssl=1\",\"contentUrl\":\"https:\\\/\\\/i0.wp.com\\\/vratna.sk\\\/wp-content\\\/uploads\\\/2024\\\/07\\\/1E274BF0-275D-457A-B3CB-28006DF32949-2.jpg?fit=3276%2C4096&ssl=1\",\"width\":3276,\"height\":4096},{\"@type\":\"BreadcrumbList\",\"@id\":\"https:\\\/\\\/vratna.sk\\\/en\\\/hike\\\/hill-osnica-zo-stefanova\\\/#breadcrumb\",\"itemListElement\":[{\"@type\":\"ListItem\",\"position\":1,\"name\":\"Home\",\"item\":\"https:\\\/\\\/vratna.sk\\\/en\\\/vratna-in-summer\\\/\"},{\"@type\":\"ListItem\",\"position\":2,\"name\":\"Hikes\",\"item\":\"https:\\\/\\\/vratna.sk\\\/en\\\/hike\\\/\"},{\"@type\":\"ListItem\",\"position\":3,\"name\":\"Mount Osnica from Stefanova\"}]},{\"@type\":\"WebSite\",\"@id\":\"https:\\\/\\\/vratna.sk\\\/en\\\/#website\",\"url\":\"https:\\\/\\\/vratna.sk\\\/en\\\/\",\"name\":\"Vratna\",\"description\":\"\",\"potentialAction\":[{\"@type\":\"SearchAction\",\"target\":{\"@type\":\"EntryPoint\",\"urlTemplate\":\"https:\\\/\\\/vratna.sk\\\/en\\\/?s={search_term_string}\"},\"query-input\":{\"@type\":\"PropertyValueSpecification\",\"valueRequired\":true,\"valueName\":\"search_term_string\"}}],\"inLanguage\":\"en-US\"}]}<\/script>\n<!-- \/ Yoast SEO plugin. -->","yoast_head_json":{"title":"Mount Osnica from Stefanova - Vratna","robots":{"index":"index","follow":"follow","max-snippet":"max-snippet:-1","max-image-preview":"max-image-preview:large","max-video-preview":"max-video-preview:-1"},"canonical":"https:\/\/vratna.sk\/en\/hike\/hill-osnica-zo-stefanova\/","og_locale":"en_US","og_type":"article","og_title":"Mount Osnica from Stefanova - Vratna","og_description":"Osnica is one of the less visited hills of Mal\u00e1 Fatra, because together with Rozsutec and Stoh it forms a [...]","og_url":"https:\/\/vratna.sk\/en\/hike\/hill-osnica-zo-stefanova\/","og_site_name":"Vratna","article_publisher":"https:\/\/www.facebook.com\/vratnamalafatra\/","article_modified_time":"2026-04-29T15:30:55+00:00","og_image":[{"width":3276,"height":4096,"url":"https:\/\/i0.wp.com\/vratna.sk\/wp-content\/uploads\/2024\/07\/1E274BF0-275D-457A-B3CB-28006DF32949-2.jpg?fit=3276%2C4096&ssl=1","type":"image\/jpeg"}],"twitter_card":"summary_large_image","twitter_misc":{"Est. reading time":"1 minute"},"schema":{"@context":"https:\/\/schema.org","@graph":[{"@type":"WebPage","@id":"https:\/\/vratna.sk\/en\/hike\/hill-osnica-zo-stefanova\/","url":"https:\/\/vratna.sk\/en\/hike\/hill-osnica-zo-stefanova\/","name":"Mount Osnica from Stefanova - Vratna","isPartOf":{"@id":"https:\/\/vratna.sk\/en\/#website"},"primaryImageOfPage":{"@id":"https:\/\/vratna.sk\/en\/hike\/hill-osnica-zo-stefanova\/#primaryimage"},"image":{"@id":"https:\/\/vratna.sk\/en\/hike\/hill-osnica-zo-stefanova\/#primaryimage"},"thumbnailUrl":"https:\/\/i0.wp.com\/vratna.sk\/wp-content\/uploads\/2024\/07\/1E274BF0-275D-457A-B3CB-28006DF32949-2.jpg?fit=3276%2C4096&ssl=1","datePublished":"2024-07-01T10:23:28+00:00","dateModified":"2026-04-29T15:30:55+00:00","breadcrumb":{"@id":"https:\/\/vratna.sk\/en\/hike\/hill-osnica-zo-stefanova\/#breadcrumb"},"inLanguage":"en-US","potentialAction":[{"@type":"ReadAction","target":["https:\/\/vratna.sk\/en\/hike\/hill-osnica-zo-stefanova\/"]}]},{"@type":"ImageObject","inLanguage":"en-US","@id":"https:\/\/vratna.sk\/en\/hike\/hill-osnica-zo-stefanova\/#primaryimage","url":"https:\/\/i0.wp.com\/vratna.sk\/wp-content\/uploads\/2024\/07\/1E274BF0-275D-457A-B3CB-28006DF32949-2.jpg?fit=3276%2C4096&ssl=1","contentUrl":"https:\/\/i0.wp.com\/vratna.sk\/wp-content\/uploads\/2024\/07\/1E274BF0-275D-457A-B3CB-28006DF32949-2.jpg?fit=3276%2C4096&ssl=1","width":3276,"height":4096},{"@type":"BreadcrumbList","@id":"https:\/\/vratna.sk\/en\/hike\/hill-osnica-zo-stefanova\/#breadcrumb","itemListElement":[{"@type":"ListItem","position":1,"name":"Home","item":"https:\/\/vratna.sk\/en\/vratna-in-summer\/"},{"@type":"ListItem","position":2,"name":"Hikes","item":"https:\/\/vratna.sk\/en\/hike\/"},{"@type":"ListItem","position":3,"name":"Mount Osnica from Stefanova"}]},{"@type":"WebSite","@id":"https:\/\/vratna.sk\/en\/#website","url":"https:\/\/vratna.sk\/en\/","name":"Vratna","description":"","potentialAction":[{"@type":"SearchAction","target":{"@type":"EntryPoint","urlTemplate":"https:\/\/vratna.sk\/en\/?s={search_term_string}"},"query-input":{"@type":"PropertyValueSpecification","valueRequired":true,"valueName":"search_term_string"}}],"inLanguage":"en-US"}]}},"_links":{"self":[{"href":"https:\/\/vratna.sk\/en\/wp-json\/wp\/v2\/hike\/2689","targetHints":{"allow":["GET"]}}],"collection":[{"href":"https:\/\/vratna.sk\/en\/wp-json\/wp\/v2\/hike"}],"about":[{"href":"https:\/\/vratna.sk\/en\/wp-json\/wp\/v2\/types\/hike"}],"author":[{"embeddable":true,"href":"https:\/\/vratna.sk\/en\/wp-json\/wp\/v2\/users\/2"}],"version-history":[{"count":3,"href":"https:\/\/vratna.sk\/en\/wp-json\/wp\/v2\/hike\/2689\/revisions"}],"predecessor-version":[{"id":2838,"href":"https:\/\/vratna.sk\/en\/wp-json\/wp\/v2\/hike\/2689\/revisions\/2838"}],"wp:featuredmedia":[{"embeddable":true,"href":"https:\/\/vratna.sk\/en\/wp-json\/wp\/v2\/media\/7625"}],"wp:attachment":[{"href":"https:\/\/vratna.sk\/en\/wp-json\/wp\/v2\/media?parent=2689"}],"wp:term":[{"taxonomy":"hike_category","embeddable":true,"href":"https:\/\/vratna.sk\/en\/wp-json\/wp\/v2\/hike_category?post=2689"}],"curies":[{"name":"wp","href":"https:\/\/api.w.org\/{rel}","templated":true}]}}

<p>Osnica is one of the less visited hills of Malá Fatra, because together with Rozsutec and Stoh it forms a kind of imaginary triangle and thus has a lot of competition. It rises at an altitude of 1,363 m., the top is meadow and grassy, but just near the top you may be surprised by a rock outcropping that you do not expect on the way to it at all. Osnica is accessible all year round by marked hiking trails from Štefanovňa, Párnica or Zázrivá and the climb is not very difficult. If you are looking for a quiet place with a perfect view of Veľký Rozsutec, Osnica is a choice you will not regret. The views from the top are really worth it. In case of good weather you can see the Low and Western Tatras, Babia Mountain or Veľký Choč.</p>

<!-- This site is optimized with the Yoast SEO plugin v27.5 - https://yoast.com/product/yoast-seo-wordpress/ -->
<title>Mount Osnica from Stefanova - Vratna</title>
<meta name="robots" content="index, follow, max-snippet:-1, max-image-preview:large, max-video-preview:-1" />
<link rel="canonical" href="https://vratna.sk/en/hike/hill-osnica-zo-stefanova/" />
<meta property="og:locale" content="en_US" />
<meta property="og:type" content="article" />
<meta property="og:title" content="Mount Osnica from Stefanova - Vratna" />
<meta property="og:description" content="Osnica is one of the less visited hills of Malá Fatra, because together with Rozsutec and Stoh it forms a [...]" />
<meta property="og:url" content="https://vratna.sk/en/hike/hill-osnica-zo-stefanova/" />
<meta property="og:site_name" content="Vratna" />
<meta property="article:publisher" content="https://www.facebook.com/vratnamalafatra/" />
<meta property="article:modified_time" content="2026-04-29T15:30:55+00:00" />
<meta property="og:image" content="https://i0.wp.com/vratna.sk/wp-content/uploads/2024/07/1E274BF0-275D-457A-B3CB-28006DF32949-2.jpg?fit=3276%2C4096&ssl=1" />
	<meta property="og:image:width" content="3276" />
	<meta property="og:image:height" content="4096" />
	<meta property="og:image:type" content="image/jpeg" />
<meta name="twitter:card" content="summary_large_image" />
<meta name="twitter:label1" content="Est. reading time" />
	<meta name="twitter:data1" content="1 minute" />
<script type="application/ld+json" class="yoast-schema-graph">{"@context":"https:\/\/schema.org","@graph":[{"@type":"WebPage","@id":"https:\/\/vratna.sk\/en\/hike\/hill-osnica-zo-stefanova\/","url":"https:\/\/vratna.sk\/en\/hike\/hill-osnica-zo-stefanova\/","name":"Mount Osnica from Stefanova - Vratna","isPartOf":{"@id":"https:\/\/vratna.sk\/en\/#website"},"primaryImageOfPage":{"@id":"https:\/\/vratna.sk\/en\/hike\/hill-osnica-zo-stefanova\/#primaryimage"},"image":{"@id":"https:\/\/vratna.sk\/en\/hike\/hill-osnica-zo-stefanova\/#primaryimage"},"thumbnailUrl":"https:\/\/i0.wp.com\/vratna.sk\/wp-content\/uploads\/2024\/07\/1E274BF0-275D-457A-B3CB-28006DF32949-2.jpg?fit=3276%2C4096&ssl=1","datePublished":"2024-07-01T10:23:28+00:00","dateModified":"2026-04-29T15:30:55+00:00","breadcrumb":{"@id":"https:\/\/vratna.sk\/en\/hike\/hill-osnica-zo-stefanova\/#breadcrumb"},"inLanguage":"en-US","potentialAction":[{"@type":"ReadAction","target":["https:\/\/vratna.sk\/en\/hike\/hill-osnica-zo-stefanova\/"]}]},{"@type":"ImageObject","inLanguage":"en-US","@id":"https:\/\/vratna.sk\/en\/hike\/hill-osnica-zo-stefanova\/#primaryimage","url":"https:\/\/i0.wp.com\/vratna.sk\/wp-content\/uploads\/2024\/07\/1E274BF0-275D-457A-B3CB-28006DF32949-2.jpg?fit=3276%2C4096&ssl=1","contentUrl":"https:\/\/i0.wp.com\/vratna.sk\/wp-content\/uploads\/2024\/07\/1E274BF0-275D-457A-B3CB-28006DF32949-2.jpg?fit=3276%2C4096&ssl=1","width":3276,"height":4096},{"@type":"BreadcrumbList","@id":"https:\/\/vratna.sk\/en\/hike\/hill-osnica-zo-stefanova\/#breadcrumb","itemListElement":[{"@type":"ListItem","position":1,"name":"Home","item":"https:\/\/vratna.sk\/en\/vratna-in-summer\/"},{"@type":"ListItem","position":2,"name":"Hikes","item":"https:\/\/vratna.sk\/en\/hike\/"},{"@type":"ListItem","position":3,"name":"Mount Osnica from Stefanova"}]},{"@type":"WebSite","@id":"https:\/\/vratna.sk\/en\/#website","url":"https:\/\/vratna.sk\/en\/","name":"Vratna","description":"","potentialAction":[{"@type":"SearchAction","target":{"@type":"EntryPoint","urlTemplate":"https:\/\/vratna.sk\/en\/?s={search_term_string}"},"query-input":{"@type":"PropertyValueSpecification","valueRequired":true,"valueName":"search_term_string"}}],"inLanguage":"en-US"}]}</script>
<!-- / Yoast SEO plugin. -->

Osnica is one of the less visited hills of Malá Fatra, because together with Rozsutec and Stoh it forms a [...]
