{"id":2685,"date":"2024-07-02T06:59:00","date_gmt":"2024-07-02T04:59:00","guid":{"rendered":"https:\/\/vratna.sk\/hike\/2216\/"},"modified":"2026-04-29T17:30:55","modified_gmt":"2026-04-29T15:30:55","slug":"2216","status":"publish","type":"hike","link":"https:\/\/vratna.sk\/en\/hike\/2216\/","title":{"rendered":"A walk to the symbolic cemetery in Vr\u00e1tna"},"content":{"rendered":"\n<p>Near the Cottage Vr\u00e1tna there is a symbolic cemetery. The cemetery was built by the Mountain Service. It was opened and consecrated in 1998 as the third cemetery in Slovakia, dedicated to the victims of accidents in the mountains. It takes about 10 minutes to get there. You can go there when you are on a walk in Vr\u00e1tn\u00e1 or when you finish a trip from the Chata na Gr\u00fani or from the cable car. Every autumn, a holy mass is held here for the victims of the mountains.<\/p>\n\n<p>Excellent coffee, kofola, draught beer and seasonal lemonades can be found in the Terrace Caf\u00e9 at the valley station of the cable car Chleb.<\/p>\n","protected":false},"author":2,"featured_media":2188,"template":"","format":"standard","meta":{"_acf_changed":false,"inline_featured_image":false,"footnotes":""},"hike_category":[49,67],"class_list":["post-2685","hike","type-hike","status-publish","format-standard","has-post-thumbnail","hentry","hike_category-tourism","hike_category-with-children"],"acf":[],"yoast_head":"<!-- This site is optimized with the Yoast SEO plugin v27.5 - https:\/\/yoast.com\/product\/yoast-seo-wordpress\/ -->\n<title>A walk to the symbolic cemetery in Vr\u00e1tna - Vratna<\/title>\n<meta name=\"robots\" content=\"index, follow, max-snippet:-1, max-image-preview:large, max-video-preview:-1\" \/>\n<link rel=\"canonical\" href=\"https:\/\/vratna.sk\/en\/hike\/2216\/\" \/>\n<meta property=\"og:locale\" content=\"en_US\" \/>\n<meta property=\"og:type\" content=\"article\" \/>\n<meta property=\"og:title\" content=\"A walk to the symbolic cemetery in Vr\u00e1tna - Vratna\" \/>\n<meta property=\"og:description\" content=\"Near the Cottage Vr\u00e1tna there is a symbolic cemetery. The cemetery was built by the Mountain Service. It was opened [...]\" \/>\n<meta property=\"og:url\" content=\"https:\/\/vratna.sk\/en\/hike\/2216\/\" \/>\n<meta property=\"og:site_name\" content=\"Vratna\" \/>\n<meta property=\"article:publisher\" content=\"https:\/\/www.facebook.com\/vratnamalafatra\/\" \/>\n<meta property=\"article:modified_time\" content=\"2026-04-29T15:30:55+00:00\" \/>\n<meta property=\"og:image\" content=\"https:\/\/i0.wp.com\/vratna.sk\/wp-content\/uploads\/2024\/07\/shutterstock_2441483141-scaled.jpg?fit=2560%2C1708&ssl=1\" \/>\n\t<meta property=\"og:image:width\" content=\"2560\" \/>\n\t<meta property=\"og:image:height\" content=\"1708\" \/>\n\t<meta property=\"og:image:type\" content=\"image\/jpeg\" \/>\n<meta name=\"twitter:card\" content=\"summary_large_image\" \/>\n<meta name=\"twitter:label1\" content=\"Est. reading time\" \/>\n\t<meta name=\"twitter:data1\" content=\"1 minute\" \/>\n<script type=\"application\/ld+json\" class=\"yoast-schema-graph\">{\"@context\":\"https:\\\/\\\/schema.org\",\"@graph\":[{\"@type\":\"WebPage\",\"@id\":\"https:\\\/\\\/vratna.sk\\\/en\\\/hike\\\/2216\\\/\",\"url\":\"https:\\\/\\\/vratna.sk\\\/en\\\/hike\\\/2216\\\/\",\"name\":\"A walk to the symbolic cemetery in Vr\u00e1tna - Vratna\",\"isPartOf\":{\"@id\":\"https:\\\/\\\/vratna.sk\\\/en\\\/#website\"},\"primaryImageOfPage\":{\"@id\":\"https:\\\/\\\/vratna.sk\\\/en\\\/hike\\\/2216\\\/#primaryimage\"},\"image\":{\"@id\":\"https:\\\/\\\/vratna.sk\\\/en\\\/hike\\\/2216\\\/#primaryimage\"},\"thumbnailUrl\":\"https:\\\/\\\/i0.wp.com\\\/vratna.sk\\\/wp-content\\\/uploads\\\/2024\\\/07\\\/shutterstock_2441483141-scaled.jpg?fit=2560%2C1708&ssl=1\",\"datePublished\":\"2024-07-02T04:59:00+00:00\",\"dateModified\":\"2026-04-29T15:30:55+00:00\",\"breadcrumb\":{\"@id\":\"https:\\\/\\\/vratna.sk\\\/en\\\/hike\\\/2216\\\/#breadcrumb\"},\"inLanguage\":\"en-US\",\"potentialAction\":[{\"@type\":\"ReadAction\",\"target\":[\"https:\\\/\\\/vratna.sk\\\/en\\\/hike\\\/2216\\\/\"]}]},{\"@type\":\"ImageObject\",\"inLanguage\":\"en-US\",\"@id\":\"https:\\\/\\\/vratna.sk\\\/en\\\/hike\\\/2216\\\/#primaryimage\",\"url\":\"https:\\\/\\\/i0.wp.com\\\/vratna.sk\\\/wp-content\\\/uploads\\\/2024\\\/07\\\/shutterstock_2441483141-scaled.jpg?fit=2560%2C1708&ssl=1\",\"contentUrl\":\"https:\\\/\\\/i0.wp.com\\\/vratna.sk\\\/wp-content\\\/uploads\\\/2024\\\/07\\\/shutterstock_2441483141-scaled.jpg?fit=2560%2C1708&ssl=1\",\"width\":2560,\"height\":1708,\"caption\":\"Tourists relaxing on top of the hill Velky Krivan in Little Fatra mountains, Slovakia\"},{\"@type\":\"BreadcrumbList\",\"@id\":\"https:\\\/\\\/vratna.sk\\\/en\\\/hike\\\/2216\\\/#breadcrumb\",\"itemListElement\":[{\"@type\":\"ListItem\",\"position\":1,\"name\":\"Home\",\"item\":\"https:\\\/\\\/vratna.sk\\\/en\\\/vratna-in-summer\\\/\"},{\"@type\":\"ListItem\",\"position\":2,\"name\":\"Hikes\",\"item\":\"https:\\\/\\\/vratna.sk\\\/en\\\/hike\\\/\"},{\"@type\":\"ListItem\",\"position\":3,\"name\":\"A walk to the symbolic cemetery in Vr\u00e1tna\"}]},{\"@type\":\"WebSite\",\"@id\":\"https:\\\/\\\/vratna.sk\\\/en\\\/#website\",\"url\":\"https:\\\/\\\/vratna.sk\\\/en\\\/\",\"name\":\"Vratna\",\"description\":\"\",\"potentialAction\":[{\"@type\":\"SearchAction\",\"target\":{\"@type\":\"EntryPoint\",\"urlTemplate\":\"https:\\\/\\\/vratna.sk\\\/en\\\/?s={search_term_string}\"},\"query-input\":{\"@type\":\"PropertyValueSpecification\",\"valueRequired\":true,\"valueName\":\"search_term_string\"}}],\"inLanguage\":\"en-US\"}]}<\/script>\n<!-- \/ Yoast SEO plugin. -->","yoast_head_json":{"title":"A walk to the symbolic cemetery in Vr\u00e1tna - Vratna","robots":{"index":"index","follow":"follow","max-snippet":"max-snippet:-1","max-image-preview":"max-image-preview:large","max-video-preview":"max-video-preview:-1"},"canonical":"https:\/\/vratna.sk\/en\/hike\/2216\/","og_locale":"en_US","og_type":"article","og_title":"A walk to the symbolic cemetery in Vr\u00e1tna - Vratna","og_description":"Near the Cottage Vr\u00e1tna there is a symbolic cemetery. The cemetery was built by the Mountain Service. It was opened [...]","og_url":"https:\/\/vratna.sk\/en\/hike\/2216\/","og_site_name":"Vratna","article_publisher":"https:\/\/www.facebook.com\/vratnamalafatra\/","article_modified_time":"2026-04-29T15:30:55+00:00","og_image":[{"width":2560,"height":1708,"url":"https:\/\/i0.wp.com\/vratna.sk\/wp-content\/uploads\/2024\/07\/shutterstock_2441483141-scaled.jpg?fit=2560%2C1708&ssl=1","type":"image\/jpeg"}],"twitter_card":"summary_large_image","twitter_misc":{"Est. reading time":"1 minute"},"schema":{"@context":"https:\/\/schema.org","@graph":[{"@type":"WebPage","@id":"https:\/\/vratna.sk\/en\/hike\/2216\/","url":"https:\/\/vratna.sk\/en\/hike\/2216\/","name":"A walk to the symbolic cemetery in Vr\u00e1tna - Vratna","isPartOf":{"@id":"https:\/\/vratna.sk\/en\/#website"},"primaryImageOfPage":{"@id":"https:\/\/vratna.sk\/en\/hike\/2216\/#primaryimage"},"image":{"@id":"https:\/\/vratna.sk\/en\/hike\/2216\/#primaryimage"},"thumbnailUrl":"https:\/\/i0.wp.com\/vratna.sk\/wp-content\/uploads\/2024\/07\/shutterstock_2441483141-scaled.jpg?fit=2560%2C1708&ssl=1","datePublished":"2024-07-02T04:59:00+00:00","dateModified":"2026-04-29T15:30:55+00:00","breadcrumb":{"@id":"https:\/\/vratna.sk\/en\/hike\/2216\/#breadcrumb"},"inLanguage":"en-US","potentialAction":[{"@type":"ReadAction","target":["https:\/\/vratna.sk\/en\/hike\/2216\/"]}]},{"@type":"ImageObject","inLanguage":"en-US","@id":"https:\/\/vratna.sk\/en\/hike\/2216\/#primaryimage","url":"https:\/\/i0.wp.com\/vratna.sk\/wp-content\/uploads\/2024\/07\/shutterstock_2441483141-scaled.jpg?fit=2560%2C1708&ssl=1","contentUrl":"https:\/\/i0.wp.com\/vratna.sk\/wp-content\/uploads\/2024\/07\/shutterstock_2441483141-scaled.jpg?fit=2560%2C1708&ssl=1","width":2560,"height":1708,"caption":"Tourists relaxing on top of the hill Velky Krivan in Little Fatra mountains, Slovakia"},{"@type":"BreadcrumbList","@id":"https:\/\/vratna.sk\/en\/hike\/2216\/#breadcrumb","itemListElement":[{"@type":"ListItem","position":1,"name":"Home","item":"https:\/\/vratna.sk\/en\/vratna-in-summer\/"},{"@type":"ListItem","position":2,"name":"Hikes","item":"https:\/\/vratna.sk\/en\/hike\/"},{"@type":"ListItem","position":3,"name":"A walk to the symbolic cemetery in Vr\u00e1tna"}]},{"@type":"WebSite","@id":"https:\/\/vratna.sk\/en\/#website","url":"https:\/\/vratna.sk\/en\/","name":"Vratna","description":"","potentialAction":[{"@type":"SearchAction","target":{"@type":"EntryPoint","urlTemplate":"https:\/\/vratna.sk\/en\/?s={search_term_string}"},"query-input":{"@type":"PropertyValueSpecification","valueRequired":true,"valueName":"search_term_string"}}],"inLanguage":"en-US"}]}},"_links":{"self":[{"href":"https:\/\/vratna.sk\/en\/wp-json\/wp\/v2\/hike\/2685","targetHints":{"allow":["GET"]}}],"collection":[{"href":"https:\/\/vratna.sk\/en\/wp-json\/wp\/v2\/hike"}],"about":[{"href":"https:\/\/vratna.sk\/en\/wp-json\/wp\/v2\/types\/hike"}],"author":[{"embeddable":true,"href":"https:\/\/vratna.sk\/en\/wp-json\/wp\/v2\/users\/2"}],"version-history":[{"count":4,"href":"https:\/\/vratna.sk\/en\/wp-json\/wp\/v2\/hike\/2685\/revisions"}],"predecessor-version":[{"id":6517,"href":"https:\/\/vratna.sk\/en\/wp-json\/wp\/v2\/hike\/2685\/revisions\/6517"}],"wp:featuredmedia":[{"embeddable":true,"href":"https:\/\/vratna.sk\/en\/wp-json\/wp\/v2\/media\/2188"}],"wp:attachment":[{"href":"https:\/\/vratna.sk\/en\/wp-json\/wp\/v2\/media?parent=2685"}],"wp:term":[{"taxonomy":"hike_category","embeddable":true,"href":"https:\/\/vratna.sk\/en\/wp-json\/wp\/v2\/hike_category?post=2685"}],"curies":[{"name":"wp","href":"https:\/\/api.w.org\/{rel}","templated":true}]}}

A walk to the symbolic cemetery in Vrátna

<p>Near the Cottage Vrátna there is a symbolic cemetery. The cemetery was built by the Mountain Service. It was opened and consecrated in 1998 as the third cemetery in Slovakia, dedicated to the victims of accidents in the mountains. It takes about 10 minutes to get there. You can go there when you are on a walk in Vrátná or when you finish a trip from the Chata na Grúni or from the cable car. Every autumn, a holy mass is held here for the victims of the mountains.</p>

<p>Excellent coffee, kofola, draught beer and seasonal lemonades can be found in the Terrace Café at the valley station of the cable car Chleb.</p>

<!-- This site is optimized with the Yoast SEO plugin v27.5 - https://yoast.com/product/yoast-seo-wordpress/ -->
<title>A walk to the symbolic cemetery in Vrátna - Vratna</title>
<meta name="robots" content="index, follow, max-snippet:-1, max-image-preview:large, max-video-preview:-1" />
<link rel="canonical" href="https://vratna.sk/en/hike/2216/" />
<meta property="og:locale" content="en_US" />
<meta property="og:type" content="article" />
<meta property="og:title" content="A walk to the symbolic cemetery in Vrátna - Vratna" />
<meta property="og:description" content="Near the Cottage Vrátna there is a symbolic cemetery. The cemetery was built by the Mountain Service. It was opened [...]" />
<meta property="og:url" content="https://vratna.sk/en/hike/2216/" />
<meta property="og:site_name" content="Vratna" />
<meta property="article:publisher" content="https://www.facebook.com/vratnamalafatra/" />
<meta property="article:modified_time" content="2026-04-29T15:30:55+00:00" />
<meta property="og:image" content="https://i0.wp.com/vratna.sk/wp-content/uploads/2024/07/shutterstock_2441483141-scaled.jpg?fit=2560%2C1708&ssl=1" />
	<meta property="og:image:width" content="2560" />
	<meta property="og:image:height" content="1708" />
	<meta property="og:image:type" content="image/jpeg" />
<meta name="twitter:card" content="summary_large_image" />
<meta name="twitter:label1" content="Est. reading time" />
	<meta name="twitter:data1" content="1 minute" />
<script type="application/ld+json" class="yoast-schema-graph">{"@context":"https:\/\/schema.org","@graph":[{"@type":"WebPage","@id":"https:\/\/vratna.sk\/en\/hike\/2216\/","url":"https:\/\/vratna.sk\/en\/hike\/2216\/","name":"A walk to the symbolic cemetery in Vrátna - Vratna","isPartOf":{"@id":"https:\/\/vratna.sk\/en\/#website"},"primaryImageOfPage":{"@id":"https:\/\/vratna.sk\/en\/hike\/2216\/#primaryimage"},"image":{"@id":"https:\/\/vratna.sk\/en\/hike\/2216\/#primaryimage"},"thumbnailUrl":"https:\/\/i0.wp.com\/vratna.sk\/wp-content\/uploads\/2024\/07\/shutterstock_2441483141-scaled.jpg?fit=2560%2C1708&ssl=1","datePublished":"2024-07-02T04:59:00+00:00","dateModified":"2026-04-29T15:30:55+00:00","breadcrumb":{"@id":"https:\/\/vratna.sk\/en\/hike\/2216\/#breadcrumb"},"inLanguage":"en-US","potentialAction":[{"@type":"ReadAction","target":["https:\/\/vratna.sk\/en\/hike\/2216\/"]}]},{"@type":"ImageObject","inLanguage":"en-US","@id":"https:\/\/vratna.sk\/en\/hike\/2216\/#primaryimage","url":"https:\/\/i0.wp.com\/vratna.sk\/wp-content\/uploads\/2024\/07\/shutterstock_2441483141-scaled.jpg?fit=2560%2C1708&ssl=1","contentUrl":"https:\/\/i0.wp.com\/vratna.sk\/wp-content\/uploads\/2024\/07\/shutterstock_2441483141-scaled.jpg?fit=2560%2C1708&ssl=1","width":2560,"height":1708,"caption":"Tourists relaxing on top of the hill Velky Krivan in Little Fatra mountains, Slovakia"},{"@type":"BreadcrumbList","@id":"https:\/\/vratna.sk\/en\/hike\/2216\/#breadcrumb","itemListElement":[{"@type":"ListItem","position":1,"name":"Home","item":"https:\/\/vratna.sk\/en\/vratna-in-summer\/"},{"@type":"ListItem","position":2,"name":"Hikes","item":"https:\/\/vratna.sk\/en\/hike\/"},{"@type":"ListItem","position":3,"name":"A walk to the symbolic cemetery in Vrátna"}]},{"@type":"WebSite","@id":"https:\/\/vratna.sk\/en\/#website","url":"https:\/\/vratna.sk\/en\/","name":"Vratna","description":"","potentialAction":[{"@type":"SearchAction","target":{"@type":"EntryPoint","urlTemplate":"https:\/\/vratna.sk\/en\/?s={search_term_string}"},"query-input":{"@type":"PropertyValueSpecification","valueRequired":true,"valueName":"search_term_string"}}],"inLanguage":"en-US"}]}</script>
<!-- / Yoast SEO plugin. -->

A walk to the symbolic cemetery in Vrátna - Vratna

Near the Cottage Vrátna there is a symbolic cemetery. The cemetery was built by the Mountain Service. It was opened [...]
