{"id":2615,"date":"2024-06-28T06:41:47","date_gmt":"2024-06-28T04:41:47","guid":{"rendered":"https:\/\/vratna.sk\/hike\/neck-coat-at-the-chest-old-courtyard\/"},"modified":"2026-04-29T17:31:00","modified_gmt":"2026-04-29T15:31:00","slug":"neck-coat-at-the-chest-old-courtyard","status":"publish","type":"hike","link":"https:\/\/vratna.sk\/en\/hike\/neck-coat-at-the-chest-old-courtyard\/","title":{"rendered":"Vr\u00e1tna &#8211; Chata na Gr\u00fani &#8211; Star\u00fd dvor"},"content":{"rendered":"\n<p>Start from Chata Vr\u00e1tna (750 m) n. m.), where you can take a bus or a car and also park there. There is a charge for parking. Directly opposite the cottage, the yellow trail begins, which will pull you right into the forest. The trail is not difficult, it&#8217;s about 45 minutes of gentle climbing and can certainly be done even by smaller children. Walking through the forest is pleasant especially during hot summer days because, except for a few clearings, you are still in the shade of the trees. If you do get tired and need a moment to rest, there are a few wooden benches along the trail. When you come out of the forest, you have to walk the last 5 minutes along the meadow directly to the hut at an altitude of 970m. n. m. Here you can refresh yourself. Children can have fun on the playground with climbing frames and swings. If their feet don&#8217;t hurt, they can play their favourite ball games. Directly from the cottage there is a beautiful view of Ve\u013ek\u00fd Rozsutec and the ridge of Mal\u00e1 Fatra.<\/p>\n\n<p><\/p>\n","protected":false},"author":2,"featured_media":7627,"template":"","format":"standard","meta":{"_acf_changed":false,"inline_featured_image":false,"footnotes":""},"hike_category":[49,67],"class_list":["post-2615","hike","type-hike","status-publish","format-standard","has-post-thumbnail","hentry","hike_category-tourism","hike_category-with-children"],"acf":[],"yoast_head":"<!-- This site is optimized with the Yoast SEO plugin v27.5 - https:\/\/yoast.com\/product\/yoast-seo-wordpress\/ -->\n<title>Vr\u00e1tna - Chata na Gr\u00fani - Star\u00fd dvor - Vratna<\/title>\n<meta name=\"robots\" content=\"index, follow, max-snippet:-1, max-image-preview:large, max-video-preview:-1\" \/>\n<link rel=\"canonical\" href=\"https:\/\/vratna.sk\/en\/hike\/neck-coat-at-the-chest-old-courtyard\/\" \/>\n<meta property=\"og:locale\" content=\"en_US\" \/>\n<meta property=\"og:type\" content=\"article\" \/>\n<meta property=\"og:title\" content=\"Vr\u00e1tna - Chata na Gr\u00fani - Star\u00fd dvor - Vratna\" \/>\n<meta property=\"og:description\" content=\"Start from Chata Vr\u00e1tna (750 m) n. m.), where you can take a bus or a car and also park [...]\" \/>\n<meta property=\"og:url\" content=\"https:\/\/vratna.sk\/en\/hike\/neck-coat-at-the-chest-old-courtyard\/\" \/>\n<meta property=\"og:site_name\" content=\"Vratna\" \/>\n<meta property=\"article:publisher\" content=\"https:\/\/www.facebook.com\/vratnamalafatra\/\" \/>\n<meta property=\"article:modified_time\" content=\"2026-04-29T15:31:00+00:00\" \/>\n<meta property=\"og:image\" content=\"https:\/\/i0.wp.com\/vratna.sk\/wp-content\/uploads\/2024\/06\/DSC06918-2.jpg?fit=4000%2C6000&ssl=1\" \/>\n\t<meta property=\"og:image:width\" content=\"4000\" \/>\n\t<meta property=\"og:image:height\" content=\"6000\" \/>\n\t<meta property=\"og:image:type\" content=\"image\/jpeg\" \/>\n<meta name=\"twitter:card\" content=\"summary_large_image\" \/>\n<meta name=\"twitter:label1\" content=\"Est. reading time\" \/>\n\t<meta name=\"twitter:data1\" content=\"2 minutes\" \/>\n<script type=\"application\/ld+json\" class=\"yoast-schema-graph\">{\"@context\":\"https:\\\/\\\/schema.org\",\"@graph\":[{\"@type\":\"WebPage\",\"@id\":\"https:\\\/\\\/vratna.sk\\\/en\\\/hike\\\/neck-coat-at-the-chest-old-courtyard\\\/\",\"url\":\"https:\\\/\\\/vratna.sk\\\/en\\\/hike\\\/neck-coat-at-the-chest-old-courtyard\\\/\",\"name\":\"Vr\u00e1tna - Chata na Gr\u00fani - Star\u00fd dvor - Vratna\",\"isPartOf\":{\"@id\":\"https:\\\/\\\/vratna.sk\\\/en\\\/#website\"},\"primaryImageOfPage\":{\"@id\":\"https:\\\/\\\/vratna.sk\\\/en\\\/hike\\\/neck-coat-at-the-chest-old-courtyard\\\/#primaryimage\"},\"image\":{\"@id\":\"https:\\\/\\\/vratna.sk\\\/en\\\/hike\\\/neck-coat-at-the-chest-old-courtyard\\\/#primaryimage\"},\"thumbnailUrl\":\"https:\\\/\\\/i0.wp.com\\\/vratna.sk\\\/wp-content\\\/uploads\\\/2024\\\/06\\\/DSC06918-2.jpg?fit=4000%2C6000&ssl=1\",\"datePublished\":\"2024-06-28T04:41:47+00:00\",\"dateModified\":\"2026-04-29T15:31:00+00:00\",\"breadcrumb\":{\"@id\":\"https:\\\/\\\/vratna.sk\\\/en\\\/hike\\\/neck-coat-at-the-chest-old-courtyard\\\/#breadcrumb\"},\"inLanguage\":\"en-US\",\"potentialAction\":[{\"@type\":\"ReadAction\",\"target\":[\"https:\\\/\\\/vratna.sk\\\/en\\\/hike\\\/neck-coat-at-the-chest-old-courtyard\\\/\"]}]},{\"@type\":\"ImageObject\",\"inLanguage\":\"en-US\",\"@id\":\"https:\\\/\\\/vratna.sk\\\/en\\\/hike\\\/neck-coat-at-the-chest-old-courtyard\\\/#primaryimage\",\"url\":\"https:\\\/\\\/i0.wp.com\\\/vratna.sk\\\/wp-content\\\/uploads\\\/2024\\\/06\\\/DSC06918-2.jpg?fit=4000%2C6000&ssl=1\",\"contentUrl\":\"https:\\\/\\\/i0.wp.com\\\/vratna.sk\\\/wp-content\\\/uploads\\\/2024\\\/06\\\/DSC06918-2.jpg?fit=4000%2C6000&ssl=1\",\"width\":4000,\"height\":6000},{\"@type\":\"BreadcrumbList\",\"@id\":\"https:\\\/\\\/vratna.sk\\\/en\\\/hike\\\/neck-coat-at-the-chest-old-courtyard\\\/#breadcrumb\",\"itemListElement\":[{\"@type\":\"ListItem\",\"position\":1,\"name\":\"Home\",\"item\":\"https:\\\/\\\/vratna.sk\\\/en\\\/vratna-in-summer\\\/\"},{\"@type\":\"ListItem\",\"position\":2,\"name\":\"Hikes\",\"item\":\"https:\\\/\\\/vratna.sk\\\/en\\\/hike\\\/\"},{\"@type\":\"ListItem\",\"position\":3,\"name\":\"Vr\u00e1tna &#8211; Chata na Gr\u00fani &#8211; Star\u00fd dvor\"}]},{\"@type\":\"WebSite\",\"@id\":\"https:\\\/\\\/vratna.sk\\\/en\\\/#website\",\"url\":\"https:\\\/\\\/vratna.sk\\\/en\\\/\",\"name\":\"Vratna\",\"description\":\"\",\"potentialAction\":[{\"@type\":\"SearchAction\",\"target\":{\"@type\":\"EntryPoint\",\"urlTemplate\":\"https:\\\/\\\/vratna.sk\\\/en\\\/?s={search_term_string}\"},\"query-input\":{\"@type\":\"PropertyValueSpecification\",\"valueRequired\":true,\"valueName\":\"search_term_string\"}}],\"inLanguage\":\"en-US\"}]}<\/script>\n<!-- \/ Yoast SEO plugin. -->","yoast_head_json":{"title":"Vr\u00e1tna - Chata na Gr\u00fani - Star\u00fd dvor - Vratna","robots":{"index":"index","follow":"follow","max-snippet":"max-snippet:-1","max-image-preview":"max-image-preview:large","max-video-preview":"max-video-preview:-1"},"canonical":"https:\/\/vratna.sk\/en\/hike\/neck-coat-at-the-chest-old-courtyard\/","og_locale":"en_US","og_type":"article","og_title":"Vr\u00e1tna - Chata na Gr\u00fani - Star\u00fd dvor - Vratna","og_description":"Start from Chata Vr\u00e1tna (750 m) n. m.), where you can take a bus or a car and also park [...]","og_url":"https:\/\/vratna.sk\/en\/hike\/neck-coat-at-the-chest-old-courtyard\/","og_site_name":"Vratna","article_publisher":"https:\/\/www.facebook.com\/vratnamalafatra\/","article_modified_time":"2026-04-29T15:31:00+00:00","og_image":[{"width":4000,"height":6000,"url":"https:\/\/i0.wp.com\/vratna.sk\/wp-content\/uploads\/2024\/06\/DSC06918-2.jpg?fit=4000%2C6000&ssl=1","type":"image\/jpeg"}],"twitter_card":"summary_large_image","twitter_misc":{"Est. reading time":"2 minutes"},"schema":{"@context":"https:\/\/schema.org","@graph":[{"@type":"WebPage","@id":"https:\/\/vratna.sk\/en\/hike\/neck-coat-at-the-chest-old-courtyard\/","url":"https:\/\/vratna.sk\/en\/hike\/neck-coat-at-the-chest-old-courtyard\/","name":"Vr\u00e1tna - Chata na Gr\u00fani - Star\u00fd dvor - Vratna","isPartOf":{"@id":"https:\/\/vratna.sk\/en\/#website"},"primaryImageOfPage":{"@id":"https:\/\/vratna.sk\/en\/hike\/neck-coat-at-the-chest-old-courtyard\/#primaryimage"},"image":{"@id":"https:\/\/vratna.sk\/en\/hike\/neck-coat-at-the-chest-old-courtyard\/#primaryimage"},"thumbnailUrl":"https:\/\/i0.wp.com\/vratna.sk\/wp-content\/uploads\/2024\/06\/DSC06918-2.jpg?fit=4000%2C6000&ssl=1","datePublished":"2024-06-28T04:41:47+00:00","dateModified":"2026-04-29T15:31:00+00:00","breadcrumb":{"@id":"https:\/\/vratna.sk\/en\/hike\/neck-coat-at-the-chest-old-courtyard\/#breadcrumb"},"inLanguage":"en-US","potentialAction":[{"@type":"ReadAction","target":["https:\/\/vratna.sk\/en\/hike\/neck-coat-at-the-chest-old-courtyard\/"]}]},{"@type":"ImageObject","inLanguage":"en-US","@id":"https:\/\/vratna.sk\/en\/hike\/neck-coat-at-the-chest-old-courtyard\/#primaryimage","url":"https:\/\/i0.wp.com\/vratna.sk\/wp-content\/uploads\/2024\/06\/DSC06918-2.jpg?fit=4000%2C6000&ssl=1","contentUrl":"https:\/\/i0.wp.com\/vratna.sk\/wp-content\/uploads\/2024\/06\/DSC06918-2.jpg?fit=4000%2C6000&ssl=1","width":4000,"height":6000},{"@type":"BreadcrumbList","@id":"https:\/\/vratna.sk\/en\/hike\/neck-coat-at-the-chest-old-courtyard\/#breadcrumb","itemListElement":[{"@type":"ListItem","position":1,"name":"Home","item":"https:\/\/vratna.sk\/en\/vratna-in-summer\/"},{"@type":"ListItem","position":2,"name":"Hikes","item":"https:\/\/vratna.sk\/en\/hike\/"},{"@type":"ListItem","position":3,"name":"Vr\u00e1tna &#8211; Chata na Gr\u00fani &#8211; Star\u00fd dvor"}]},{"@type":"WebSite","@id":"https:\/\/vratna.sk\/en\/#website","url":"https:\/\/vratna.sk\/en\/","name":"Vratna","description":"","potentialAction":[{"@type":"SearchAction","target":{"@type":"EntryPoint","urlTemplate":"https:\/\/vratna.sk\/en\/?s={search_term_string}"},"query-input":{"@type":"PropertyValueSpecification","valueRequired":true,"valueName":"search_term_string"}}],"inLanguage":"en-US"}]}},"_links":{"self":[{"href":"https:\/\/vratna.sk\/en\/wp-json\/wp\/v2\/hike\/2615","targetHints":{"allow":["GET"]}}],"collection":[{"href":"https:\/\/vratna.sk\/en\/wp-json\/wp\/v2\/hike"}],"about":[{"href":"https:\/\/vratna.sk\/en\/wp-json\/wp\/v2\/types\/hike"}],"author":[{"embeddable":true,"href":"https:\/\/vratna.sk\/en\/wp-json\/wp\/v2\/users\/2"}],"version-history":[{"count":3,"href":"https:\/\/vratna.sk\/en\/wp-json\/wp\/v2\/hike\/2615\/revisions"}],"predecessor-version":[{"id":2846,"href":"https:\/\/vratna.sk\/en\/wp-json\/wp\/v2\/hike\/2615\/revisions\/2846"}],"wp:featuredmedia":[{"embeddable":true,"href":"https:\/\/vratna.sk\/en\/wp-json\/wp\/v2\/media\/7627"}],"wp:attachment":[{"href":"https:\/\/vratna.sk\/en\/wp-json\/wp\/v2\/media?parent=2615"}],"wp:term":[{"taxonomy":"hike_category","embeddable":true,"href":"https:\/\/vratna.sk\/en\/wp-json\/wp\/v2\/hike_category?post=2615"}],"curies":[{"name":"wp","href":"https:\/\/api.w.org\/{rel}","templated":true}]}}

Vrátna &#8211; Chata na Grúni &#8211; Starý dvor

<p>Start from Chata Vrátna (750 m) n. m.), where you can take a bus or a car and also park there. There is a charge for parking. Directly opposite the cottage, the yellow trail begins, which will pull you right into the forest. The trail is not difficult, it&#8217;s about 45 minutes of gentle climbing and can certainly be done even by smaller children. Walking through the forest is pleasant especially during hot summer days because, except for a few clearings, you are still in the shade of the trees. If you do get tired and need a moment to rest, there are a few wooden benches along the trail. When you come out of the forest, you have to walk the last 5 minutes along the meadow directly to the hut at an altitude of 970m. n. m. Here you can refresh yourself. Children can have fun on the playground with climbing frames and swings. If their feet don&#8217;t hurt, they can play their favourite ball games. Directly from the cottage there is a beautiful view of Veľký Rozsutec and the ridge of Malá Fatra.</p>

<p></p>

<!-- This site is optimized with the Yoast SEO plugin v27.5 - https://yoast.com/product/yoast-seo-wordpress/ -->
<title>Vrátna - Chata na Grúni - Starý dvor - Vratna</title>
<meta name="robots" content="index, follow, max-snippet:-1, max-image-preview:large, max-video-preview:-1" />
<link rel="canonical" href="https://vratna.sk/en/hike/neck-coat-at-the-chest-old-courtyard/" />
<meta property="og:locale" content="en_US" />
<meta property="og:type" content="article" />
<meta property="og:title" content="Vrátna - Chata na Grúni - Starý dvor - Vratna" />
<meta property="og:description" content="Start from Chata Vrátna (750 m) n. m.), where you can take a bus or a car and also park [...]" />
<meta property="og:url" content="https://vratna.sk/en/hike/neck-coat-at-the-chest-old-courtyard/" />
<meta property="og:site_name" content="Vratna" />
<meta property="article:publisher" content="https://www.facebook.com/vratnamalafatra/" />
<meta property="article:modified_time" content="2026-04-29T15:31:00+00:00" />
<meta property="og:image" content="https://i0.wp.com/vratna.sk/wp-content/uploads/2024/06/DSC06918-2.jpg?fit=4000%2C6000&ssl=1" />
	<meta property="og:image:width" content="4000" />
	<meta property="og:image:height" content="6000" />
	<meta property="og:image:type" content="image/jpeg" />
<meta name="twitter:card" content="summary_large_image" />
<meta name="twitter:label1" content="Est. reading time" />
	<meta name="twitter:data1" content="2 minutes" />
<script type="application/ld+json" class="yoast-schema-graph">{"@context":"https:\/\/schema.org","@graph":[{"@type":"WebPage","@id":"https:\/\/vratna.sk\/en\/hike\/neck-coat-at-the-chest-old-courtyard\/","url":"https:\/\/vratna.sk\/en\/hike\/neck-coat-at-the-chest-old-courtyard\/","name":"Vrátna - Chata na Grúni - Starý dvor - Vratna","isPartOf":{"@id":"https:\/\/vratna.sk\/en\/#website"},"primaryImageOfPage":{"@id":"https:\/\/vratna.sk\/en\/hike\/neck-coat-at-the-chest-old-courtyard\/#primaryimage"},"image":{"@id":"https:\/\/vratna.sk\/en\/hike\/neck-coat-at-the-chest-old-courtyard\/#primaryimage"},"thumbnailUrl":"https:\/\/i0.wp.com\/vratna.sk\/wp-content\/uploads\/2024\/06\/DSC06918-2.jpg?fit=4000%2C6000&ssl=1","datePublished":"2024-06-28T04:41:47+00:00","dateModified":"2026-04-29T15:31:00+00:00","breadcrumb":{"@id":"https:\/\/vratna.sk\/en\/hike\/neck-coat-at-the-chest-old-courtyard\/#breadcrumb"},"inLanguage":"en-US","potentialAction":[{"@type":"ReadAction","target":["https:\/\/vratna.sk\/en\/hike\/neck-coat-at-the-chest-old-courtyard\/"]}]},{"@type":"ImageObject","inLanguage":"en-US","@id":"https:\/\/vratna.sk\/en\/hike\/neck-coat-at-the-chest-old-courtyard\/#primaryimage","url":"https:\/\/i0.wp.com\/vratna.sk\/wp-content\/uploads\/2024\/06\/DSC06918-2.jpg?fit=4000%2C6000&ssl=1","contentUrl":"https:\/\/i0.wp.com\/vratna.sk\/wp-content\/uploads\/2024\/06\/DSC06918-2.jpg?fit=4000%2C6000&ssl=1","width":4000,"height":6000},{"@type":"BreadcrumbList","@id":"https:\/\/vratna.sk\/en\/hike\/neck-coat-at-the-chest-old-courtyard\/#breadcrumb","itemListElement":[{"@type":"ListItem","position":1,"name":"Home","item":"https:\/\/vratna.sk\/en\/vratna-in-summer\/"},{"@type":"ListItem","position":2,"name":"Hikes","item":"https:\/\/vratna.sk\/en\/hike\/"},{"@type":"ListItem","position":3,"name":"Vrátna &#8211; Chata na Grúni &#8211; Starý dvor"}]},{"@type":"WebSite","@id":"https:\/\/vratna.sk\/en\/#website","url":"https:\/\/vratna.sk\/en\/","name":"Vratna","description":"","potentialAction":[{"@type":"SearchAction","target":{"@type":"EntryPoint","urlTemplate":"https:\/\/vratna.sk\/en\/?s={search_term_string}"},"query-input":{"@type":"PropertyValueSpecification","valueRequired":true,"valueName":"search_term_string"}}],"inLanguage":"en-US"}]}</script>
<!-- / Yoast SEO plugin. -->

Vrátna - Chata na Grúni - Starý dvor - Vratna

Start from Chata Vrátna (750 m) n. m.), where you can take a bus or a car and also park [...]
