{"id":2609,"date":"2024-07-02T07:07:00","date_gmt":"2024-07-02T05:07:00","guid":{"rendered":"https:\/\/vratna.sk\/hike\/crest-small-fat-for-bread-and-half-grun\/"},"modified":"2026-04-29T17:31:00","modified_gmt":"2026-04-29T15:31:00","slug":"crest-small-fat-for-bread-and-half-grun","status":"publish","type":"hike","link":"https:\/\/vratna.sk\/en\/hike\/crest-small-fat-for-bread-and-half-grun\/","title":{"rendered":"The ridge of Mala Fatra at Chleb and the Midday Ridge"},"content":{"rendered":"\n<p>A wonderful classic &#8211; a hike along the ridge with a start in the Vr\u00e1tna valley to the Snilovsk\u00fd saddle, via Chleb, Hromov\u00e9 at Polud\u0148ov\u00fd Gr\u00fa\u0148 and on the way back two variants &#8211; to the Vr\u00e1tna Chalet or to Paseky &#8211; Star\u00fd dvor.<\/p>\n\n<p>It&#8217;s one of the most popular ridges with beautiful views. The hike leads along the ridge of Krivansk\u00e1 Mala Fatra with views of the surrounding peaks of Ve\u013ek\u00fd Rozsutec or Ve\u013ek\u00fd Kriv\u00e1\u0148. The unwooded ridge with sections of high mountain character offers views of both the Tur\u010dianska and \u017dilina sides.<\/p>\n\n<p>You can start the hike from the parking lot at Chata Vr\u00e1tna (paid parking lot) with a climb of about 774 m following the green sign. Or take the cable car to the Snilovsk\u00fd saddle (1524 m. n. m.) (buy tickets for the cable car Chleb at the best price via our e-shop here). The trip up by cable car will shorten the route by about 2 hours. On the route from Snilovsk\u00fd sedlo, through Hromov\u00e9, to the top of Polud\u0148ov\u00fd Gr\u00fa\u0148 you will pass a section with a small elevation gain, but after which follows probably the most difficult section of the route to the Chata na Gr\u00fani, where it is necessary to overcome a steep descent of about 500 vertical meters on a 1.5 km long section. Hiking poles are also suitable. If it has rained a few days before this hike, descend with caution, the terrain can be slippery. Follow the yellow marker. The route is clear in terms of orientation, in the upper parts of the hills the orientation is facilitated by pole markings. Ideally, of course, it should be done in good weather. Even older children who have already done some hiking can handle it. The hike can also be done in the opposite direction.<\/p>\n\n<p>We recommend using the chairlift Paseky, whose upper station is only a few minutes away from the Cottage na Gr\u00fani and you can take it to the parking lot Paseky &#8211; Star\u00fd dvor.  <\/p>\n\n<p>If you decide for this attractive variant of the ridge tour with the use of two cable cars, we recommend a circuit ticket, which you can buy at the ticket office of the resort (Paseky or chata Vr\u00e1tna &#8211; valley station of the cable car). The price of this ticket includes a cable car export and a chairlift ride. This ticket can also be used the other way around, namely export by chairlift Paseky, hike along the ridge and descend down by cable car Chleb. As a bonus to this option is a large wooden swing, which is located at the top station of the chairlift Paseky. A giant bench with a beautiful view of Ve\u013ek\u00fd Rozsutec is a novelty a stone&#8217;s throw from the swing. In the lower station of the Paseky chairlift, treat yourself to a well-deserved refreshment in the form of a quality draft beer with good food in the Humno restaurant with a summer terrace and a refreshed summer menu. If you have any energy left, you can have fun on the sports attractions. You will find mountain trikes, tubing, megatrampoline and bungee trampoline. To get to the car (max. 3 km), if you can no longer walk, you can use the Terchova train or bus connection (we recommend to find out in advance). If you take the bus to Vr\u00e1tn\u00e1, the bus stop is at both exits, respectively. the final points (the stop Vr\u00e1tna-lift, i.e. the valley station of the cable car and the stop Vr\u00e1tna Paseky-Star\u00fd dvor, i.e. the valley station of the chairlift), so the &#8220;problem&#8221; with the car is eliminated.<\/p>\n","protected":false},"author":2,"featured_media":2325,"template":"","format":"standard","meta":{"_acf_changed":false,"inline_featured_image":false,"footnotes":""},"hike_category":[49,51,67],"class_list":["post-2609","hike","type-hike","status-publish","format-standard","has-post-thumbnail","hentry","hike_category-tourism","hike_category-trailrunning-en","hike_category-with-children"],"acf":[],"yoast_head":"<!-- This site is optimized with the Yoast SEO plugin v27.5 - https:\/\/yoast.com\/product\/yoast-seo-wordpress\/ -->\n<title>The ridge of Mala Fatra at Chleb and the Midday Ridge - Vratna<\/title>\n<meta name=\"robots\" content=\"index, follow, max-snippet:-1, max-image-preview:large, max-video-preview:-1\" \/>\n<link rel=\"canonical\" href=\"https:\/\/vratna.sk\/en\/hike\/crest-small-fat-for-bread-and-half-grun\/\" \/>\n<meta property=\"og:locale\" content=\"en_US\" \/>\n<meta property=\"og:type\" content=\"article\" \/>\n<meta property=\"og:title\" content=\"The ridge of Mala Fatra at Chleb and the Midday Ridge - Vratna\" \/>\n<meta property=\"og:description\" content=\"A wonderful classic &#8211; a hike along the ridge with a start in the Vr\u00e1tna valley to the Snilovsk\u00fd saddle, [...]\" \/>\n<meta property=\"og:url\" content=\"https:\/\/vratna.sk\/en\/hike\/crest-small-fat-for-bread-and-half-grun\/\" \/>\n<meta property=\"og:site_name\" content=\"Vratna\" \/>\n<meta property=\"article:publisher\" content=\"https:\/\/www.facebook.com\/vratnamalafatra\/\" \/>\n<meta property=\"article:modified_time\" content=\"2026-04-29T15:31:00+00:00\" \/>\n<meta property=\"og:image\" content=\"https:\/\/i0.wp.com\/vratna.sk\/wp-content\/uploads\/2024\/07\/pocasie-2-scaled.jpg?fit=2560%2C1707&ssl=1\" \/>\n\t<meta property=\"og:image:width\" content=\"2560\" \/>\n\t<meta property=\"og:image:height\" content=\"1707\" \/>\n\t<meta property=\"og:image:type\" content=\"image\/jpeg\" \/>\n<meta name=\"twitter:card\" content=\"summary_large_image\" \/>\n<meta name=\"twitter:label1\" content=\"Est. reading time\" \/>\n\t<meta name=\"twitter:data1\" content=\"4 minutes\" \/>\n<script type=\"application\/ld+json\" class=\"yoast-schema-graph\">{\"@context\":\"https:\\\/\\\/schema.org\",\"@graph\":[{\"@type\":\"WebPage\",\"@id\":\"https:\\\/\\\/vratna.sk\\\/en\\\/hike\\\/crest-small-fat-for-bread-and-half-grun\\\/\",\"url\":\"https:\\\/\\\/vratna.sk\\\/en\\\/hike\\\/crest-small-fat-for-bread-and-half-grun\\\/\",\"name\":\"The ridge of Mala Fatra at Chleb and the Midday Ridge - Vratna\",\"isPartOf\":{\"@id\":\"https:\\\/\\\/vratna.sk\\\/en\\\/#website\"},\"primaryImageOfPage\":{\"@id\":\"https:\\\/\\\/vratna.sk\\\/en\\\/hike\\\/crest-small-fat-for-bread-and-half-grun\\\/#primaryimage\"},\"image\":{\"@id\":\"https:\\\/\\\/vratna.sk\\\/en\\\/hike\\\/crest-small-fat-for-bread-and-half-grun\\\/#primaryimage\"},\"thumbnailUrl\":\"https:\\\/\\\/i0.wp.com\\\/vratna.sk\\\/wp-content\\\/uploads\\\/2024\\\/07\\\/pocasie-2-scaled.jpg?fit=2560%2C1707&ssl=1\",\"datePublished\":\"2024-07-02T05:07:00+00:00\",\"dateModified\":\"2026-04-29T15:31:00+00:00\",\"breadcrumb\":{\"@id\":\"https:\\\/\\\/vratna.sk\\\/en\\\/hike\\\/crest-small-fat-for-bread-and-half-grun\\\/#breadcrumb\"},\"inLanguage\":\"en-US\",\"potentialAction\":[{\"@type\":\"ReadAction\",\"target\":[\"https:\\\/\\\/vratna.sk\\\/en\\\/hike\\\/crest-small-fat-for-bread-and-half-grun\\\/\"]}]},{\"@type\":\"ImageObject\",\"inLanguage\":\"en-US\",\"@id\":\"https:\\\/\\\/vratna.sk\\\/en\\\/hike\\\/crest-small-fat-for-bread-and-half-grun\\\/#primaryimage\",\"url\":\"https:\\\/\\\/i0.wp.com\\\/vratna.sk\\\/wp-content\\\/uploads\\\/2024\\\/07\\\/pocasie-2-scaled.jpg?fit=2560%2C1707&ssl=1\",\"contentUrl\":\"https:\\\/\\\/i0.wp.com\\\/vratna.sk\\\/wp-content\\\/uploads\\\/2024\\\/07\\\/pocasie-2-scaled.jpg?fit=2560%2C1707&ssl=1\",\"width\":2560,\"height\":1707},{\"@type\":\"BreadcrumbList\",\"@id\":\"https:\\\/\\\/vratna.sk\\\/en\\\/hike\\\/crest-small-fat-for-bread-and-half-grun\\\/#breadcrumb\",\"itemListElement\":[{\"@type\":\"ListItem\",\"position\":1,\"name\":\"Home\",\"item\":\"https:\\\/\\\/vratna.sk\\\/en\\\/vratna-in-summer\\\/\"},{\"@type\":\"ListItem\",\"position\":2,\"name\":\"Hikes\",\"item\":\"https:\\\/\\\/vratna.sk\\\/en\\\/hike\\\/\"},{\"@type\":\"ListItem\",\"position\":3,\"name\":\"The ridge of Mala Fatra at Chleb and the Midday Ridge\"}]},{\"@type\":\"WebSite\",\"@id\":\"https:\\\/\\\/vratna.sk\\\/en\\\/#website\",\"url\":\"https:\\\/\\\/vratna.sk\\\/en\\\/\",\"name\":\"Vratna\",\"description\":\"\",\"potentialAction\":[{\"@type\":\"SearchAction\",\"target\":{\"@type\":\"EntryPoint\",\"urlTemplate\":\"https:\\\/\\\/vratna.sk\\\/en\\\/?s={search_term_string}\"},\"query-input\":{\"@type\":\"PropertyValueSpecification\",\"valueRequired\":true,\"valueName\":\"search_term_string\"}}],\"inLanguage\":\"en-US\"}]}<\/script>\n<!-- \/ Yoast SEO plugin. -->","yoast_head_json":{"title":"The ridge of Mala Fatra at Chleb and the Midday Ridge - Vratna","robots":{"index":"index","follow":"follow","max-snippet":"max-snippet:-1","max-image-preview":"max-image-preview:large","max-video-preview":"max-video-preview:-1"},"canonical":"https:\/\/vratna.sk\/en\/hike\/crest-small-fat-for-bread-and-half-grun\/","og_locale":"en_US","og_type":"article","og_title":"The ridge of Mala Fatra at Chleb and the Midday Ridge - Vratna","og_description":"A wonderful classic &#8211; a hike along the ridge with a start in the Vr\u00e1tna valley to the Snilovsk\u00fd saddle, [...]","og_url":"https:\/\/vratna.sk\/en\/hike\/crest-small-fat-for-bread-and-half-grun\/","og_site_name":"Vratna","article_publisher":"https:\/\/www.facebook.com\/vratnamalafatra\/","article_modified_time":"2026-04-29T15:31:00+00:00","og_image":[{"width":2560,"height":1707,"url":"https:\/\/i0.wp.com\/vratna.sk\/wp-content\/uploads\/2024\/07\/pocasie-2-scaled.jpg?fit=2560%2C1707&ssl=1","type":"image\/jpeg"}],"twitter_card":"summary_large_image","twitter_misc":{"Est. reading time":"4 minutes"},"schema":{"@context":"https:\/\/schema.org","@graph":[{"@type":"WebPage","@id":"https:\/\/vratna.sk\/en\/hike\/crest-small-fat-for-bread-and-half-grun\/","url":"https:\/\/vratna.sk\/en\/hike\/crest-small-fat-for-bread-and-half-grun\/","name":"The ridge of Mala Fatra at Chleb and the Midday Ridge - Vratna","isPartOf":{"@id":"https:\/\/vratna.sk\/en\/#website"},"primaryImageOfPage":{"@id":"https:\/\/vratna.sk\/en\/hike\/crest-small-fat-for-bread-and-half-grun\/#primaryimage"},"image":{"@id":"https:\/\/vratna.sk\/en\/hike\/crest-small-fat-for-bread-and-half-grun\/#primaryimage"},"thumbnailUrl":"https:\/\/i0.wp.com\/vratna.sk\/wp-content\/uploads\/2024\/07\/pocasie-2-scaled.jpg?fit=2560%2C1707&ssl=1","datePublished":"2024-07-02T05:07:00+00:00","dateModified":"2026-04-29T15:31:00+00:00","breadcrumb":{"@id":"https:\/\/vratna.sk\/en\/hike\/crest-small-fat-for-bread-and-half-grun\/#breadcrumb"},"inLanguage":"en-US","potentialAction":[{"@type":"ReadAction","target":["https:\/\/vratna.sk\/en\/hike\/crest-small-fat-for-bread-and-half-grun\/"]}]},{"@type":"ImageObject","inLanguage":"en-US","@id":"https:\/\/vratna.sk\/en\/hike\/crest-small-fat-for-bread-and-half-grun\/#primaryimage","url":"https:\/\/i0.wp.com\/vratna.sk\/wp-content\/uploads\/2024\/07\/pocasie-2-scaled.jpg?fit=2560%2C1707&ssl=1","contentUrl":"https:\/\/i0.wp.com\/vratna.sk\/wp-content\/uploads\/2024\/07\/pocasie-2-scaled.jpg?fit=2560%2C1707&ssl=1","width":2560,"height":1707},{"@type":"BreadcrumbList","@id":"https:\/\/vratna.sk\/en\/hike\/crest-small-fat-for-bread-and-half-grun\/#breadcrumb","itemListElement":[{"@type":"ListItem","position":1,"name":"Home","item":"https:\/\/vratna.sk\/en\/vratna-in-summer\/"},{"@type":"ListItem","position":2,"name":"Hikes","item":"https:\/\/vratna.sk\/en\/hike\/"},{"@type":"ListItem","position":3,"name":"The ridge of Mala Fatra at Chleb and the Midday Ridge"}]},{"@type":"WebSite","@id":"https:\/\/vratna.sk\/en\/#website","url":"https:\/\/vratna.sk\/en\/","name":"Vratna","description":"","potentialAction":[{"@type":"SearchAction","target":{"@type":"EntryPoint","urlTemplate":"https:\/\/vratna.sk\/en\/?s={search_term_string}"},"query-input":{"@type":"PropertyValueSpecification","valueRequired":true,"valueName":"search_term_string"}}],"inLanguage":"en-US"}]}},"_links":{"self":[{"href":"https:\/\/vratna.sk\/en\/wp-json\/wp\/v2\/hike\/2609","targetHints":{"allow":["GET"]}}],"collection":[{"href":"https:\/\/vratna.sk\/en\/wp-json\/wp\/v2\/hike"}],"about":[{"href":"https:\/\/vratna.sk\/en\/wp-json\/wp\/v2\/types\/hike"}],"author":[{"embeddable":true,"href":"https:\/\/vratna.sk\/en\/wp-json\/wp\/v2\/users\/2"}],"version-history":[{"count":8,"href":"https:\/\/vratna.sk\/en\/wp-json\/wp\/v2\/hike\/2609\/revisions"}],"predecessor-version":[{"id":6513,"href":"https:\/\/vratna.sk\/en\/wp-json\/wp\/v2\/hike\/2609\/revisions\/6513"}],"wp:featuredmedia":[{"embeddable":true,"href":"https:\/\/vratna.sk\/en\/wp-json\/wp\/v2\/media\/2325"}],"wp:attachment":[{"href":"https:\/\/vratna.sk\/en\/wp-json\/wp\/v2\/media?parent=2609"}],"wp:term":[{"taxonomy":"hike_category","embeddable":true,"href":"https:\/\/vratna.sk\/en\/wp-json\/wp\/v2\/hike_category?post=2609"}],"curies":[{"name":"wp","href":"https:\/\/api.w.org\/{rel}","templated":true}]}}

<p>A wonderful classic &#8211; a hike along the ridge with a start in the Vrátna valley to the Snilovský saddle, via Chleb, Hromové at Poludňový Grúň and on the way back two variants &#8211; to the Vrátna Chalet or to Paseky &#8211; Starý dvor.</p>

<p>It&#8217;s one of the most popular ridges with beautiful views. The hike leads along the ridge of Krivanská Mala Fatra with views of the surrounding peaks of Veľký Rozsutec or Veľký Kriváň. The unwooded ridge with sections of high mountain character offers views of both the Turčianska and Žilina sides.</p>

<p>You can start the hike from the parking lot at Chata Vrátna (paid parking lot) with a climb of about 774 m following the green sign. Or take the cable car to the Snilovský saddle (1524 m. n. m.) (buy tickets for the cable car Chleb at the best price via our e-shop here). The trip up by cable car will shorten the route by about 2 hours. On the route from Snilovský sedlo, through Hromové, to the top of Poludňový Grúň you will pass a section with a small elevation gain, but after which follows probably the most difficult section of the route to the Chata na Grúni, where it is necessary to overcome a steep descent of about 500 vertical meters on a 1.5 km long section. Hiking poles are also suitable. If it has rained a few days before this hike, descend with caution, the terrain can be slippery. Follow the yellow marker. The route is clear in terms of orientation, in the upper parts of the hills the orientation is facilitated by pole markings. Ideally, of course, it should be done in good weather. Even older children who have already done some hiking can handle it. The hike can also be done in the opposite direction.</p>

<p>We recommend using the chairlift Paseky, whose upper station is only a few minutes away from the Cottage na Grúni and you can take it to the parking lot Paseky &#8211; Starý dvor.  </p>

<p>If you decide for this attractive variant of the ridge tour with the use of two cable cars, we recommend a circuit ticket, which you can buy at the ticket office of the resort (Paseky or chata Vrátna &#8211; valley station of the cable car). The price of this ticket includes a cable car export and a chairlift ride. This ticket can also be used the other way around, namely export by chairlift Paseky, hike along the ridge and descend down by cable car Chleb. As a bonus to this option is a large wooden swing, which is located at the top station of the chairlift Paseky. A giant bench with a beautiful view of Veľký Rozsutec is a novelty a stone&#8217;s throw from the swing. In the lower station of the Paseky chairlift, treat yourself to a well-deserved refreshment in the form of a quality draft beer with good food in the Humno restaurant with a summer terrace and a refreshed summer menu. If you have any energy left, you can have fun on the sports attractions. You will find mountain trikes, tubing, megatrampoline and bungee trampoline. To get to the car (max. 3 km), if you can no longer walk, you can use the Terchova train or bus connection (we recommend to find out in advance). If you take the bus to Vrátná, the bus stop is at both exits, respectively. the final points (the stop Vrátna-lift, i.e. the valley station of the cable car and the stop Vrátna Paseky-Starý dvor, i.e. the valley station of the chairlift), so the &#8220;problem&#8221; with the car is eliminated.</p>

<!-- This site is optimized with the Yoast SEO plugin v27.5 - https://yoast.com/product/yoast-seo-wordpress/ -->
<title>The ridge of Mala Fatra at Chleb and the Midday Ridge - Vratna</title>
<meta name="robots" content="index, follow, max-snippet:-1, max-image-preview:large, max-video-preview:-1" />
<link rel="canonical" href="https://vratna.sk/en/hike/crest-small-fat-for-bread-and-half-grun/" />
<meta property="og:locale" content="en_US" />
<meta property="og:type" content="article" />
<meta property="og:title" content="The ridge of Mala Fatra at Chleb and the Midday Ridge - Vratna" />
<meta property="og:description" content="A wonderful classic &#8211; a hike along the ridge with a start in the Vrátna valley to the Snilovský saddle, [...]" />
<meta property="og:url" content="https://vratna.sk/en/hike/crest-small-fat-for-bread-and-half-grun/" />
<meta property="og:site_name" content="Vratna" />
<meta property="article:publisher" content="https://www.facebook.com/vratnamalafatra/" />
<meta property="article:modified_time" content="2026-04-29T15:31:00+00:00" />
<meta property="og:image" content="https://i0.wp.com/vratna.sk/wp-content/uploads/2024/07/pocasie-2-scaled.jpg?fit=2560%2C1707&ssl=1" />
	<meta property="og:image:width" content="2560" />
	<meta property="og:image:height" content="1707" />
	<meta property="og:image:type" content="image/jpeg" />
<meta name="twitter:card" content="summary_large_image" />
<meta name="twitter:label1" content="Est. reading time" />
	<meta name="twitter:data1" content="4 minutes" />
<script type="application/ld+json" class="yoast-schema-graph">{"@context":"https:\/\/schema.org","@graph":[{"@type":"WebPage","@id":"https:\/\/vratna.sk\/en\/hike\/crest-small-fat-for-bread-and-half-grun\/","url":"https:\/\/vratna.sk\/en\/hike\/crest-small-fat-for-bread-and-half-grun\/","name":"The ridge of Mala Fatra at Chleb and the Midday Ridge - Vratna","isPartOf":{"@id":"https:\/\/vratna.sk\/en\/#website"},"primaryImageOfPage":{"@id":"https:\/\/vratna.sk\/en\/hike\/crest-small-fat-for-bread-and-half-grun\/#primaryimage"},"image":{"@id":"https:\/\/vratna.sk\/en\/hike\/crest-small-fat-for-bread-and-half-grun\/#primaryimage"},"thumbnailUrl":"https:\/\/i0.wp.com\/vratna.sk\/wp-content\/uploads\/2024\/07\/pocasie-2-scaled.jpg?fit=2560%2C1707&ssl=1","datePublished":"2024-07-02T05:07:00+00:00","dateModified":"2026-04-29T15:31:00+00:00","breadcrumb":{"@id":"https:\/\/vratna.sk\/en\/hike\/crest-small-fat-for-bread-and-half-grun\/#breadcrumb"},"inLanguage":"en-US","potentialAction":[{"@type":"ReadAction","target":["https:\/\/vratna.sk\/en\/hike\/crest-small-fat-for-bread-and-half-grun\/"]}]},{"@type":"ImageObject","inLanguage":"en-US","@id":"https:\/\/vratna.sk\/en\/hike\/crest-small-fat-for-bread-and-half-grun\/#primaryimage","url":"https:\/\/i0.wp.com\/vratna.sk\/wp-content\/uploads\/2024\/07\/pocasie-2-scaled.jpg?fit=2560%2C1707&ssl=1","contentUrl":"https:\/\/i0.wp.com\/vratna.sk\/wp-content\/uploads\/2024\/07\/pocasie-2-scaled.jpg?fit=2560%2C1707&ssl=1","width":2560,"height":1707},{"@type":"BreadcrumbList","@id":"https:\/\/vratna.sk\/en\/hike\/crest-small-fat-for-bread-and-half-grun\/#breadcrumb","itemListElement":[{"@type":"ListItem","position":1,"name":"Home","item":"https:\/\/vratna.sk\/en\/vratna-in-summer\/"},{"@type":"ListItem","position":2,"name":"Hikes","item":"https:\/\/vratna.sk\/en\/hike\/"},{"@type":"ListItem","position":3,"name":"The ridge of Mala Fatra at Chleb and the Midday Ridge"}]},{"@type":"WebSite","@id":"https:\/\/vratna.sk\/en\/#website","url":"https:\/\/vratna.sk\/en\/","name":"Vratna","description":"","potentialAction":[{"@type":"SearchAction","target":{"@type":"EntryPoint","urlTemplate":"https:\/\/vratna.sk\/en\/?s={search_term_string}"},"query-input":{"@type":"PropertyValueSpecification","valueRequired":true,"valueName":"search_term_string"}}],"inLanguage":"en-US"}]}</script>
<!-- / Yoast SEO plugin. -->

A wonderful classic &#8211; a hike along the ridge with a start in the Vrátna valley to the Snilovský saddle, [...]
